{"id":131,"date":"2025-06-26T17:05:04","date_gmt":"2025-06-26T20:05:04","guid":{"rendered":"https:\/\/beneficios.fenati.org.br\/institucional\/?page_id=131"},"modified":"2025-10-31T17:01:06","modified_gmt":"2025-10-31T20:01:06","slug":"como-funciona","status":"publish","type":"page","link":"https:\/\/beneficios.fenati.org.br\/institucional\/como-funciona\/","title":{"rendered":"Como funciona"},"content":{"rendered":"\t\t<div data-elementor-type=\"wp-page\" data-elementor-id=\"131\" class=\"elementor elementor-131\" data-elementor-post-type=\"page\">\n\t\t\t\t<div class=\"elementor-element elementor-element-5a1133b e-flex e-con-boxed e-con e-parent\" data-id=\"5a1133b\" data-element_type=\"container\">\n\t\t\t\t\t<div class=\"e-con-inner\">\n\t\t<div class=\"elementor-element elementor-element-456dad7 e-con-full e-flex e-con e-child\" data-id=\"456dad7\" data-element_type=\"container\">\n\t\t\t\t<div class=\"elementor-element elementor-element-a91a5ac elementor-widget elementor-widget-text-editor\" data-id=\"a91a5ac\" data-element_type=\"widget\" data-widget_type=\"text-editor.default\">\n\t\t\t\t<div class=\"elementor-widget-container\">\n\t\t\t\t\t\t\t\t\t<h3>Como funciona o Portal de Benef\u00edcios FENATI<\/h3><p><br \/>A maioria dos benef\u00edcios dispon\u00edveis em nosso portal \u2013 exclusivos para s\u00f3cios e contribuintes dos sindicatos integrados \u00e0 Fenati \u2013 pode ser utilizada por meio da pr\u00f3pria plataforma. O processo de acesso e utiliza\u00e7\u00e3o \u00e9 simples e seguro:<\/p><p><br \/><strong>1. Acesso ao Portal<\/strong><br \/>O associado deve acessar o portal e realizar o login utilizando seu n\u00famero de CPF.<\/p><p><br \/><strong>2. C\u00f3digo de Acesso<\/strong><br \/>Ap\u00f3s inserir o CPF, ser\u00e1 enviado automaticamente para o e-mail cadastrado um c\u00f3digo de uso \u00fanico. Esse c\u00f3digo dever\u00e1 ser utilizado como senha para entrar no portal.<\/p><p><br \/><strong>3. Escolha do Benef\u00edcio<\/strong><br \/>Ao entrar, o associado poder\u00e1 navegar pelas op\u00e7\u00f5es dispon\u00edveis e escolher o benef\u00edcio desejado.<\/p><p><br \/><strong>4. Gera\u00e7\u00e3o do Voucher<\/strong><br \/>Basta clicar em \u201cGerar Voucher\u201d para emitir um cupom exclusivo com QR Code e os detalhes completos da oferta.<\/p><p><br \/><strong>5. Utiliza\u00e7\u00e3o do Benef\u00edcio<\/strong><br \/>Com o voucher em m\u00e3os, \u00e9 s\u00f3 apresent\u00e1-lo no estabelecimento parceiro e aproveitar o desconto ou condi\u00e7\u00e3o especial oferecida.<\/p><p><br \/><strong>Algumas op\u00e7\u00f5es precisam ser resgatadas diretamente com o parceiro ou entrando em contato com o sindicato \u2013 conforme explicado na descri\u00e7\u00e3o de cada benef\u00edcio.<\/strong><\/p><p><strong> Caso tenha alguma d\u00favida ou problemas com seu login, entre em contato com beneficios@fenati.org.br.<\/strong><\/p><p><!--EndFragment --><\/p>\t\t\t\t\t\t\t\t<\/div>\n\t\t\t\t<\/div>\n\t\t\t\t<\/div>\n\t\t<div class=\"elementor-element elementor-element-9169fcf e-con-full e-flex e-con e-child\" data-id=\"9169fcf\" data-element_type=\"container\">\n\t\t\t\t<div class=\"elementor-element elementor-element-bf931cb elementor-widget elementor-widget-sidebar\" data-id=\"bf931cb\" data-element_type=\"widget\" data-widget_type=\"sidebar.default\">\n\t\t\t\t<div class=\"elementor-widget-container\">\n\t\t\t\t\t<li id=\"block-7\" class=\"widget widget_block widget_media_image\">\n<figure class=\"wp-block-image size-full\"><img fetchpriority=\"high\" decoding=\"async\" fetchpriority=\"high\" width=\"320\" height=\"420\" src=\"https:\/\/beneficios.fenati.org.br\/institucional\/wp-content\/uploads\/2025\/06\/banner-colonia-vertical-1.png\" alt=\"\" class=\"wp-image-126\" srcset=\"https:\/\/beneficios.fenati.org.br\/institucional\/wp-content\/uploads\/2025\/06\/banner-colonia-vertical-1.png 320w, https:\/\/beneficios.fenati.org.br\/institucional\/wp-content\/uploads\/2025\/06\/banner-colonia-vertical-1-229x300.png 229w\" sizes=\"(max-width: 320px) 100vw, 320px\" \/><\/figure>\n<\/li>\n\t\t\t\t<\/div>\n\t\t\t\t<\/div>\n\t\t\t\t<\/div>\n\t\t\t\t\t<\/div>\n\t\t\t\t<\/div>\n\t\t\t\t<\/div>\n\t\t","protected":false},"excerpt":{"rendered":"<p>Como funciona o Portal de Benef\u00edcios FENATI A maioria dos benef\u00edcios dispon\u00edveis em nosso portal \u2013 exclusivos para s\u00f3cios e contribuintes dos sindicatos integrados \u00e0 Fenati \u2013 pode ser utilizada por meio da pr\u00f3pria plataforma. O processo de acesso e utiliza\u00e7\u00e3o \u00e9 simples e seguro: 1. Acesso ao PortalO associado deve acessar o portal e [&hellip;]<\/p>\n","protected":false},"author":1,"featured_media":0,"parent":0,"menu_order":0,"comment_status":"closed","ping_status":"closed","template":"","meta":{"footnotes":""},"class_list":["post-131","page","type-page","status-publish","hentry"],"yoast_head":"<!-- This site is optimized with the Yoast SEO plugin v26.8 - https:\/\/yoast.com\/product\/yoast-seo-wordpress\/ -->\n<title>Como funciona - Benef\u00edcios FENATI<\/title>\n<meta name=\"robots\" content=\"index, follow, max-snippet:-1, max-image-preview:large, max-video-preview:-1\" \/>\n<link rel=\"canonical\" href=\"https:\/\/beneficios.fenati.org.br\/institucional\/como-funciona\/\" \/>\n<meta property=\"og:locale\" content=\"pt_BR\" \/>\n<meta property=\"og:type\" content=\"article\" \/>\n<meta property=\"og:title\" content=\"Como funciona - Benef\u00edcios FENATI\" \/>\n<meta property=\"og:description\" content=\"Como funciona o Portal de Benef\u00edcios FENATI A maioria dos benef\u00edcios dispon\u00edveis em nosso portal \u2013 exclusivos para s\u00f3cios e contribuintes dos sindicatos integrados \u00e0 Fenati \u2013 pode ser utilizada por meio da pr\u00f3pria plataforma. O processo de acesso e utiliza\u00e7\u00e3o \u00e9 simples e seguro: 1. Acesso ao PortalO associado deve acessar o portal e [&hellip;]\" \/>\n<meta property=\"og:url\" content=\"https:\/\/beneficios.fenati.org.br\/institucional\/como-funciona\/\" \/>\n<meta property=\"og:site_name\" content=\"Benef\u00edcios FENATI\" \/>\n<meta property=\"article:modified_time\" content=\"2025-10-31T20:01:06+00:00\" \/>\n<meta name=\"twitter:card\" content=\"summary_large_image\" \/>\n<meta name=\"twitter:label1\" content=\"Est. tempo de leitura\" \/>\n\t<meta name=\"twitter:data1\" content=\"2 minutos\" \/>\n<script type=\"application\/ld+json\" class=\"yoast-schema-graph\">{\"@context\":\"https:\/\/schema.org\",\"@graph\":[{\"@type\":\"WebPage\",\"@id\":\"https:\/\/beneficios.fenati.org.br\/institucional\/como-funciona\/\",\"url\":\"https:\/\/beneficios.fenati.org.br\/institucional\/como-funciona\/\",\"name\":\"Como funciona - Benef\u00edcios FENATI\",\"isPartOf\":{\"@id\":\"https:\/\/beneficios.fenati.org.br\/institucional\/#website\"},\"datePublished\":\"2025-06-26T20:05:04+00:00\",\"dateModified\":\"2025-10-31T20:01:06+00:00\",\"breadcrumb\":{\"@id\":\"https:\/\/beneficios.fenati.org.br\/institucional\/como-funciona\/#breadcrumb\"},\"inLanguage\":\"pt-BR\",\"potentialAction\":[{\"@type\":\"ReadAction\",\"target\":[\"https:\/\/beneficios.fenati.org.br\/institucional\/como-funciona\/\"]}]},{\"@type\":\"BreadcrumbList\",\"@id\":\"https:\/\/beneficios.fenati.org.br\/institucional\/como-funciona\/#breadcrumb\",\"itemListElement\":[{\"@type\":\"ListItem\",\"position\":1,\"name\":\"Home\",\"item\":\"https:\/\/beneficios.fenati.org.br\/institucional\/\"},{\"@type\":\"ListItem\",\"position\":2,\"name\":\"Como funciona\"}]},{\"@type\":\"WebSite\",\"@id\":\"https:\/\/beneficios.fenati.org.br\/institucional\/#website\",\"url\":\"https:\/\/beneficios.fenati.org.br\/institucional\/\",\"name\":\"Benef\u00edcios FENATI\",\"description\":\"Clube de benef\u00edcios dos profissionais de TI\",\"publisher\":{\"@id\":\"https:\/\/beneficios.fenati.org.br\/institucional\/#organization\"},\"potentialAction\":[{\"@type\":\"SearchAction\",\"target\":{\"@type\":\"EntryPoint\",\"urlTemplate\":\"https:\/\/beneficios.fenati.org.br\/institucional\/?s={search_term_string}\"},\"query-input\":{\"@type\":\"PropertyValueSpecification\",\"valueRequired\":true,\"valueName\":\"search_term_string\"}}],\"inLanguage\":\"pt-BR\"},{\"@type\":\"Organization\",\"@id\":\"https:\/\/beneficios.fenati.org.br\/institucional\/#organization\",\"name\":\"Benef\u00edcios FENATI\",\"url\":\"https:\/\/beneficios.fenati.org.br\/institucional\/\",\"logo\":{\"@type\":\"ImageObject\",\"inLanguage\":\"pt-BR\",\"@id\":\"https:\/\/beneficios.fenati.org.br\/institucional\/#\/schema\/logo\/image\/\",\"url\":\"https:\/\/beneficios.fenati.org.br\/institucional\/wp-content\/uploads\/2025\/06\/logo_300x50.webp\",\"contentUrl\":\"https:\/\/beneficios.fenati.org.br\/institucional\/wp-content\/uploads\/2025\/06\/logo_300x50.webp\",\"width\":350,\"height\":50,\"caption\":\"Benef\u00edcios FENATI\"},\"image\":{\"@id\":\"https:\/\/beneficios.fenati.org.br\/institucional\/#\/schema\/logo\/image\/\"}}]}<\/script>\n<!-- \/ Yoast SEO plugin. -->","yoast_head_json":{"title":"Como funciona - Benef\u00edcios FENATI","robots":{"index":"index","follow":"follow","max-snippet":"max-snippet:-1","max-image-preview":"max-image-preview:large","max-video-preview":"max-video-preview:-1"},"canonical":"https:\/\/beneficios.fenati.org.br\/institucional\/como-funciona\/","og_locale":"pt_BR","og_type":"article","og_title":"Como funciona - Benef\u00edcios FENATI","og_description":"Como funciona o Portal de Benef\u00edcios FENATI A maioria dos benef\u00edcios dispon\u00edveis em nosso portal \u2013 exclusivos para s\u00f3cios e contribuintes dos sindicatos integrados \u00e0 Fenati \u2013 pode ser utilizada por meio da pr\u00f3pria plataforma. O processo de acesso e utiliza\u00e7\u00e3o \u00e9 simples e seguro: 1. Acesso ao PortalO associado deve acessar o portal e [&hellip;]","og_url":"https:\/\/beneficios.fenati.org.br\/institucional\/como-funciona\/","og_site_name":"Benef\u00edcios FENATI","article_modified_time":"2025-10-31T20:01:06+00:00","twitter_card":"summary_large_image","twitter_misc":{"Est. tempo de leitura":"2 minutos"},"schema":{"@context":"https:\/\/schema.org","@graph":[{"@type":"WebPage","@id":"https:\/\/beneficios.fenati.org.br\/institucional\/como-funciona\/","url":"https:\/\/beneficios.fenati.org.br\/institucional\/como-funciona\/","name":"Como funciona - Benef\u00edcios FENATI","isPartOf":{"@id":"https:\/\/beneficios.fenati.org.br\/institucional\/#website"},"datePublished":"2025-06-26T20:05:04+00:00","dateModified":"2025-10-31T20:01:06+00:00","breadcrumb":{"@id":"https:\/\/beneficios.fenati.org.br\/institucional\/como-funciona\/#breadcrumb"},"inLanguage":"pt-BR","potentialAction":[{"@type":"ReadAction","target":["https:\/\/beneficios.fenati.org.br\/institucional\/como-funciona\/"]}]},{"@type":"BreadcrumbList","@id":"https:\/\/beneficios.fenati.org.br\/institucional\/como-funciona\/#breadcrumb","itemListElement":[{"@type":"ListItem","position":1,"name":"Home","item":"https:\/\/beneficios.fenati.org.br\/institucional\/"},{"@type":"ListItem","position":2,"name":"Como funciona"}]},{"@type":"WebSite","@id":"https:\/\/beneficios.fenati.org.br\/institucional\/#website","url":"https:\/\/beneficios.fenati.org.br\/institucional\/","name":"Benef\u00edcios FENATI","description":"Clube de benef\u00edcios dos profissionais de TI","publisher":{"@id":"https:\/\/beneficios.fenati.org.br\/institucional\/#organization"},"potentialAction":[{"@type":"SearchAction","target":{"@type":"EntryPoint","urlTemplate":"https:\/\/beneficios.fenati.org.br\/institucional\/?s={search_term_string}"},"query-input":{"@type":"PropertyValueSpecification","valueRequired":true,"valueName":"search_term_string"}}],"inLanguage":"pt-BR"},{"@type":"Organization","@id":"https:\/\/beneficios.fenati.org.br\/institucional\/#organization","name":"Benef\u00edcios FENATI","url":"https:\/\/beneficios.fenati.org.br\/institucional\/","logo":{"@type":"ImageObject","inLanguage":"pt-BR","@id":"https:\/\/beneficios.fenati.org.br\/institucional\/#\/schema\/logo\/image\/","url":"https:\/\/beneficios.fenati.org.br\/institucional\/wp-content\/uploads\/2025\/06\/logo_300x50.webp","contentUrl":"https:\/\/beneficios.fenati.org.br\/institucional\/wp-content\/uploads\/2025\/06\/logo_300x50.webp","width":350,"height":50,"caption":"Benef\u00edcios FENATI"},"image":{"@id":"https:\/\/beneficios.fenati.org.br\/institucional\/#\/schema\/logo\/image\/"}}]}},"_links":{"self":[{"href":"https:\/\/beneficios.fenati.org.br\/institucional\/wp-json\/wp\/v2\/pages\/131","targetHints":{"allow":["GET"]}}],"collection":[{"href":"https:\/\/beneficios.fenati.org.br\/institucional\/wp-json\/wp\/v2\/pages"}],"about":[{"href":"https:\/\/beneficios.fenati.org.br\/institucional\/wp-json\/wp\/v2\/types\/page"}],"author":[{"embeddable":true,"href":"https:\/\/beneficios.fenati.org.br\/institucional\/wp-json\/wp\/v2\/users\/1"}],"replies":[{"embeddable":true,"href":"https:\/\/beneficios.fenati.org.br\/institucional\/wp-json\/wp\/v2\/comments?post=131"}],"version-history":[{"count":13,"href":"https:\/\/beneficios.fenati.org.br\/institucional\/wp-json\/wp\/v2\/pages\/131\/revisions"}],"predecessor-version":[{"id":215,"href":"https:\/\/beneficios.fenati.org.br\/institucional\/wp-json\/wp\/v2\/pages\/131\/revisions\/215"}],"wp:attachment":[{"href":"https:\/\/beneficios.fenati.org.br\/institucional\/wp-json\/wp\/v2\/media?parent=131"}],"curies":[{"name":"wp","href":"https:\/\/api.w.org\/{rel}","templated":true}]}}